{"id":264,"date":"2023-11-06T20:29:09","date_gmt":"2023-11-06T19:29:09","guid":{"rendered":"https:\/\/www.emiliechablaix.ch\/?page_id=264"},"modified":"2026-04-14T16:48:48","modified_gmt":"2026-04-14T14:48:48","slug":"presentation","status":"publish","type":"page","link":"https:\/\/www.emiliechablaix.ch\/index.php\/presentation\/","title":{"rendered":"Pr\u00e9sentation"},"content":{"rendered":"\n<div class=\"wp-block-media-text is-stacked-on-mobile\"><figure class=\"wp-block-media-text__media\"><img loading=\"lazy\" decoding=\"async\" width=\"768\" height=\"1024\" src=\"https:\/\/www.emiliechablaix.ch\/wp-content\/uploads\/2025\/11\/IMG_2364-2-768x1024.jpg\" alt=\"\" class=\"wp-image-1329 size-full\" srcset=\"https:\/\/www.emiliechablaix.ch\/wp-content\/uploads\/2025\/11\/IMG_2364-2-768x1024.jpg 768w, https:\/\/www.emiliechablaix.ch\/wp-content\/uploads\/2025\/11\/IMG_2364-2-225x300.jpg 225w, https:\/\/www.emiliechablaix.ch\/wp-content\/uploads\/2025\/11\/IMG_2364-2-1152x1536.jpg 1152w, https:\/\/www.emiliechablaix.ch\/wp-content\/uploads\/2025\/11\/IMG_2364-2-1536x2048.jpg 1536w, https:\/\/www.emiliechablaix.ch\/wp-content\/uploads\/2025\/11\/IMG_2364-2-1170x1560.jpg 1170w, https:\/\/www.emiliechablaix.ch\/wp-content\/uploads\/2025\/11\/IMG_2364-2-scaled.jpg 1920w\" sizes=\"auto, (max-width: 768px) 100vw, 768px\" \/><\/figure><div class=\"wp-block-media-text__content\">\n<p><em>Je m\u2019appelle Emilie Chablaix, j\u2019ai 18 ans. Je suis actuellement 85\u00e8me joueuse du pays avec un classement R1 et suis 9\u00e8me joueuse du pays pour les joueuses U18 n\u00e9es en 2008. Je suis actuellement 1835e au classement mondial ITF adultes et 1565e au classement mondial junior au 14 avril 2026. Quelques mots sur mon parcours, mon \u00e9quipe et mon projet.<\/em><\/p>\n<\/div><\/div>\n\n\n\n<hr class=\"wp-block-separator has-alpha-channel-opacity\"\/>\n\n\n\n<h2 class=\"wp-block-heading\">Pr\u00e9sentation en vid\u00e9o<\/h2>\n\n\n\n<figure class=\"wp-block-embed is-type-video is-provider-youtube wp-block-embed-youtube wp-embed-aspect-16-9 wp-has-aspect-ratio\"><div class=\"wp-block-embed__wrapper\">\n<iframe loading=\"lazy\" title=\"Projet Emilie Chablaix - rejoignez mon Fan&#039;s club ! www.emiliechablaix.ch\" width=\"1170\" height=\"658\" src=\"https:\/\/www.youtube.com\/embed\/2lWuGdMExnM?feature=oembed\" frameborder=\"0\" allow=\"accelerometer; autoplay; clipboard-write; encrypted-media; gyroscope; picture-in-picture; web-share\" referrerpolicy=\"strict-origin-when-cross-origin\" allowfullscreen><\/iframe>\n<\/div><\/figure>\n\n\n\n<hr class=\"wp-block-separator has-alpha-channel-opacity\"\/>\n\n\n\n<h2 class=\"wp-block-heading\">Mon Parcours<\/h2>\n\n\n\n<div class=\"wp-block-columns is-layout-flex wp-container-core-columns-is-layout-28f84493 wp-block-columns-is-layout-flex\">\n<div class=\"wp-block-column is-layout-flow wp-block-column-is-layout-flow\" style=\"flex-basis:50%\">\n<figure class=\"wp-block-gallery has-nested-images columns-default is-cropped wp-block-gallery-1 is-layout-flex wp-block-gallery-is-layout-flex\">\n<figure class=\"wp-block-image size-large\"><img loading=\"lazy\" decoding=\"async\" width=\"683\" height=\"1024\" data-id=\"534\" src=\"https:\/\/www.emiliechablaix.ch\/wp-content\/uploads\/2023\/12\/emilie-premier-tournoi-1-683x1024.jpg\" alt=\"\" class=\"wp-image-534\" srcset=\"https:\/\/www.emiliechablaix.ch\/wp-content\/uploads\/2023\/12\/emilie-premier-tournoi-1-683x1024.jpg 683w, https:\/\/www.emiliechablaix.ch\/wp-content\/uploads\/2023\/12\/emilie-premier-tournoi-1-200x300.jpg 200w, https:\/\/www.emiliechablaix.ch\/wp-content\/uploads\/2023\/12\/emilie-premier-tournoi-1-768x1152.jpg 768w, https:\/\/www.emiliechablaix.ch\/wp-content\/uploads\/2023\/12\/emilie-premier-tournoi-1-1024x1536.jpg 1024w, https:\/\/www.emiliechablaix.ch\/wp-content\/uploads\/2023\/12\/emilie-premier-tournoi-1-1365x2048.jpg 1365w, https:\/\/www.emiliechablaix.ch\/wp-content\/uploads\/2023\/12\/emilie-premier-tournoi-1-1170x1755.jpg 1170w, https:\/\/www.emiliechablaix.ch\/wp-content\/uploads\/2023\/12\/emilie-premier-tournoi-1-scaled.jpg 1707w\" sizes=\"auto, (max-width: 683px) 100vw, 683px\" \/><\/figure>\n<\/figure>\n<\/div>\n\n\n\n<div class=\"wp-block-column is-layout-flow wp-block-column-is-layout-flow\" style=\"flex-basis:50%\">\n<p><\/p>\n\n\n\n<p><\/p>\n\n\n\n<p><\/p>\n\n\n\n<p><\/p>\n\n\n\n<p class=\"has-text-align-center\">Mon premier tournoi, \u00e0 l&#8217;\u00e2ge de 8 ans<\/p>\n<\/div>\n<\/div>\n\n\n\n<p class=\"has-text-align-left\">Depuis l\u2019\u00e2ge de 3 ans, je pratique mon sport pr\u00e9f\u00e9r\u00e9. J\u2019ai commenc\u00e9 pour le plaisir au TC Chamblon et mon amour du jeu m\u2019a ensuite conduit vers diff\u00e9rents clubs, du TC Echallens, \u00e0 la Scuola Tennis by Margaroli, le CT Neuch\u00e2tel \/ PM Academy, en passant par le TC Echallens, le Green Club Romanel, le TC Yverdon et le TC Bercher.<\/p>\n\n\n\n<p class=\"has-text-align-left\">Depuis cet \u00e9t\u00e9, j\u2019ai rejoint la scuola tennis by Margaroli, l\u2019un des meilleurs clubs de Suisse. C&#8217;est une acad\u00e9mie familiale dont trois membres sont impliqu\u00e9s. L&#8217;acad\u00e9mie est dirig\u00e9e par Luca Margaroli, un ancien joueur pro, joueur suisse de Coupe Davis, qui d\u00e9bute sa nouvelle vie d&#8217;entra\u00eeneur. Il s\u2019agit de l\u2019une des meilleures acad\u00e9mies du pays. <\/p>\n\n\n\n<hr class=\"wp-block-separator has-alpha-channel-opacity\"\/>\n\n\n\n<h2 class=\"wp-block-heading\">Mon Equipe<\/h2>\n\n\n\n<h3 class=\"wp-block-heading\">1. Equipe Tennis<\/h3>\n\n\n\n<figure class=\"wp-block-gallery has-nested-images columns-default is-cropped wp-block-gallery-2 is-layout-flex wp-block-gallery-is-layout-flex\">\n<figure class=\"wp-block-image size-large\"><img loading=\"lazy\" decoding=\"async\" width=\"833\" height=\"1024\" data-id=\"1326\" src=\"https:\/\/www.emiliechablaix.ch\/wp-content\/uploads\/2025\/11\/IMG_3379-833x1024.jpg\" alt=\"\" class=\"wp-image-1326\" srcset=\"https:\/\/www.emiliechablaix.ch\/wp-content\/uploads\/2025\/11\/IMG_3379-833x1024.jpg 833w, https:\/\/www.emiliechablaix.ch\/wp-content\/uploads\/2025\/11\/IMG_3379-244x300.jpg 244w, https:\/\/www.emiliechablaix.ch\/wp-content\/uploads\/2025\/11\/IMG_3379-768x944.jpg 768w, https:\/\/www.emiliechablaix.ch\/wp-content\/uploads\/2025\/11\/IMG_3379-1249x1536.jpg 1249w, https:\/\/www.emiliechablaix.ch\/wp-content\/uploads\/2025\/11\/IMG_3379-1666x2048.jpg 1666w, https:\/\/www.emiliechablaix.ch\/wp-content\/uploads\/2025\/11\/IMG_3379-1170x1439.jpg 1170w\" sizes=\"auto, (max-width: 833px) 100vw, 833px\" \/><\/figure>\n<\/figure>\n\n\n\n<p class=\"has-text-align-left\">J&#8217;ai le plaisir de vous pr\u00e9senter ma nouvelle \u00e9quipe tennis. <\/p>\n\n\n\n<div class=\"wp-block-media-text is-stacked-on-mobile\"><figure class=\"wp-block-media-text__media\"><img loading=\"lazy\" decoding=\"async\" width=\"533\" height=\"747\" src=\"https:\/\/www.emiliechablaix.ch\/wp-content\/uploads\/2025\/11\/luca-1.jpg\" alt=\"\" class=\"wp-image-1332 size-full\" srcset=\"https:\/\/www.emiliechablaix.ch\/wp-content\/uploads\/2025\/11\/luca-1.jpg 533w, https:\/\/www.emiliechablaix.ch\/wp-content\/uploads\/2025\/11\/luca-1-214x300.jpg 214w\" sizes=\"auto, (max-width: 533px) 100vw, 533px\" \/><\/figure><div class=\"wp-block-media-text__content\">\n<h2 class=\"wp-block-heading\">Luca Margaroli<\/h2>\n\n\n\n<ul class=\"wp-block-list\">\n<li>Ancien joueur professionnel &#8211; Meilleur classement : \n<ul class=\"wp-block-list\">\n<li>692e en simple<\/li>\n\n\n\n<li>128e en double<\/li>\n<\/ul>\n<\/li>\n<\/ul>\n\n\n\n<ul class=\"wp-block-list\">\n<li>Joueur de Coupe Davis <\/li>\n<\/ul>\n\n\n\n<blockquote class=\"wp-block-quote is-layout-flow wp-block-quote-is-layout-flow\">\n<p>Luca est exigeant, mais tr\u00e8s humain, il transmet sa passion pour le tennis comme personne ! J&#8217;ai beaucoup de chance de l&#8217;avoir \u00e0 mes c\u00f4t\u00e9s pour me faire progresser chaque jour.<\/p>\n<\/blockquote>\n<\/div><\/div>\n\n\n\n<div class=\"wp-block-media-text is-stacked-on-mobile\"><figure class=\"wp-block-media-text__media\"><img loading=\"lazy\" decoding=\"async\" width=\"509\" height=\"906\" src=\"https:\/\/www.emiliechablaix.ch\/wp-content\/uploads\/2025\/11\/IMG_3682.jpg\" alt=\"\" class=\"wp-image-1331 size-full\" srcset=\"https:\/\/www.emiliechablaix.ch\/wp-content\/uploads\/2025\/11\/IMG_3682.jpg 509w, https:\/\/www.emiliechablaix.ch\/wp-content\/uploads\/2025\/11\/IMG_3682-169x300.jpg 169w\" sizes=\"auto, (max-width: 509px) 100vw, 509px\" \/><\/figure><div class=\"wp-block-media-text__content\">\n<h2 class=\"wp-block-heading\">Riccardo Margaroli<\/h2>\n\n\n\n<ul class=\"wp-block-list\">\n<li>Fondateur de l&#8217;\u00e9cole de tennis avec Isabella.<\/li>\n\n\n\n<li>Ancien joueur semi-professionnel de basketball en Italie<\/li>\n\n\n\n<li>Responsable administratif<\/li>\n<\/ul>\n\n\n\n<blockquote class=\"wp-block-quote is-layout-flow wp-block-quote-is-layout-flow\">\n<p>J&#8217;ai la chance de loger chez les Margaroli. Riccardo fait tout moi, il fait m\u00eame taxi et m&#8217;apprend beaucoup de choses sur le tennis et sur la vie. Un coeur gros comme \u00e7a.<\/p>\n<\/blockquote>\n<\/div><\/div>\n\n\n\n<div class=\"wp-block-media-text is-stacked-on-mobile\"><figure class=\"wp-block-media-text__media\"><img loading=\"lazy\" decoding=\"async\" width=\"576\" height=\"1024\" src=\"https:\/\/www.emiliechablaix.ch\/wp-content\/uploads\/2025\/11\/IMG_3681-576x1024.jpg\" alt=\"\" class=\"wp-image-1333 size-full\" srcset=\"https:\/\/www.emiliechablaix.ch\/wp-content\/uploads\/2025\/11\/IMG_3681-576x1024.jpg 576w, https:\/\/www.emiliechablaix.ch\/wp-content\/uploads\/2025\/11\/IMG_3681-169x300.jpg 169w, https:\/\/www.emiliechablaix.ch\/wp-content\/uploads\/2025\/11\/IMG_3681.jpg 750w\" sizes=\"auto, (max-width: 576px) 100vw, 576px\" \/><\/figure><div class=\"wp-block-media-text__content\">\n<h2 class=\"wp-block-heading\">Isabela Margaroli<\/h2>\n\n\n\n<ul class=\"wp-block-list\">\n<li>ancienne joueuse pro italienne<\/li>\n\n\n\n<li>Entra\u00eeneur B Swisstennis<\/li>\n\n\n\n<li>Responsable du restaurant Il Grottino, au centre de tennis<\/li>\n<\/ul>\n\n\n\n<blockquote class=\"wp-block-quote is-layout-flow wp-block-quote-is-layout-flow\">\n<p>Isabella est comme une deuxi\u00e8me maman pour moi, elle cuisine comme personne. C&#8217;est une source d&#8217;inspiration incroyable : elle est sur les terrains, elle g\u00e8re le restaurant, elle cuisine m\u00eame tous les jours ! Quelle \u00e9nergie ! <\/p>\n<\/blockquote>\n<\/div><\/div>\n\n\n\n<div class=\"wp-block-media-text is-stacked-on-mobile\"><figure class=\"wp-block-media-text__media\"><img loading=\"lazy\" decoding=\"async\" width=\"576\" height=\"1024\" src=\"https:\/\/www.emiliechablaix.ch\/wp-content\/uploads\/2025\/11\/IMG_3683-576x1024.jpg\" alt=\"\" class=\"wp-image-1334 size-full\" srcset=\"https:\/\/www.emiliechablaix.ch\/wp-content\/uploads\/2025\/11\/IMG_3683-576x1024.jpg 576w, https:\/\/www.emiliechablaix.ch\/wp-content\/uploads\/2025\/11\/IMG_3683-169x300.jpg 169w, https:\/\/www.emiliechablaix.ch\/wp-content\/uploads\/2025\/11\/IMG_3683.jpg 750w\" sizes=\"auto, (max-width: 576px) 100vw, 576px\" \/><\/figure><div class=\"wp-block-media-text__content\">\n<h2 class=\"wp-block-heading\">Davide Masciotta<\/h2>\n\n\n\n<ul class=\"wp-block-list\">\n<li>coach condition physique<\/li>\n\n\n\n<li>entra\u00eeneur physique diplom\u00e9<\/li>\n\n\n\n<li>coach universitaire au USA<\/li>\n<\/ul>\n\n\n\n<blockquote class=\"wp-block-quote is-layout-flow wp-block-quote-is-layout-flow\">\n<p>Toujours le sourire, c&#8217;est le bourreau de l&#8217;acad\u00e9mie, un dingue de sport ! <\/p>\n\n\n\n<p>Il aime varier les exercices et les niveaux d&#8217;intensit\u00e9, il fait un super boulot !<\/p>\n<\/blockquote>\n<\/div><\/div>\n\n\n\n<div class=\"wp-block-media-text is-stacked-on-mobile\"><figure class=\"wp-block-media-text__media\"><img loading=\"lazy\" decoding=\"async\" width=\"576\" height=\"1024\" src=\"https:\/\/www.emiliechablaix.ch\/wp-content\/uploads\/2025\/11\/IMG_3684-576x1024.jpg\" alt=\"\" class=\"wp-image-1335 size-full\" srcset=\"https:\/\/www.emiliechablaix.ch\/wp-content\/uploads\/2025\/11\/IMG_3684-576x1024.jpg 576w, https:\/\/www.emiliechablaix.ch\/wp-content\/uploads\/2025\/11\/IMG_3684-169x300.jpg 169w, https:\/\/www.emiliechablaix.ch\/wp-content\/uploads\/2025\/11\/IMG_3684.jpg 750w\" sizes=\"auto, (max-width: 576px) 100vw, 576px\" \/><\/figure><div class=\"wp-block-media-text__content\">\n<h2 class=\"wp-block-heading\">Felipe Escalona Ordenes<\/h2>\n\n\n\n<ul class=\"wp-block-list\">\n<li>Ancien 1800e mondial ITF<\/li>\n\n\n\n<li>Ancien 800e mondial junior<\/li>\n<\/ul>\n\n\n\n<blockquote class=\"wp-block-quote is-layout-flow wp-block-quote-is-layout-flow\">\n<p>Un super joueur chilien qui parle aussi fran\u00e7ais (ouiiiii) et italien. Felipe est pos\u00e9, souriant, toujours de bonne humeur (m\u00eame quand il a le rhume !).<\/p>\n<\/blockquote>\n<\/div><\/div>\n\n\n\n<div class=\"wp-block-media-text is-stacked-on-mobile\"><figure class=\"wp-block-media-text__media\"><img loading=\"lazy\" decoding=\"async\" width=\"768\" height=\"1024\" src=\"https:\/\/www.emiliechablaix.ch\/wp-content\/uploads\/2026\/04\/WhatsApp-Image-2026-04-14-at-16.46.14-768x1024.jpeg\" alt=\"\" class=\"wp-image-1532 size-full\" srcset=\"https:\/\/www.emiliechablaix.ch\/wp-content\/uploads\/2026\/04\/WhatsApp-Image-2026-04-14-at-16.46.14-768x1024.jpeg 768w, https:\/\/www.emiliechablaix.ch\/wp-content\/uploads\/2026\/04\/WhatsApp-Image-2026-04-14-at-16.46.14-225x300.jpeg 225w, https:\/\/www.emiliechablaix.ch\/wp-content\/uploads\/2026\/04\/WhatsApp-Image-2026-04-14-at-16.46.14-1152x1536.jpeg 1152w, https:\/\/www.emiliechablaix.ch\/wp-content\/uploads\/2026\/04\/WhatsApp-Image-2026-04-14-at-16.46.14-1170x1560.jpeg 1170w, https:\/\/www.emiliechablaix.ch\/wp-content\/uploads\/2026\/04\/WhatsApp-Image-2026-04-14-at-16.46.14.jpeg 1200w\" sizes=\"auto, (max-width: 768px) 100vw, 768px\" \/><\/figure><div class=\"wp-block-media-text__content\">\n<h2 class=\"wp-block-heading\">Nicholas Valsecchi<\/h2>\n\n\n\n<ul class=\"wp-block-list\">\n<li>Entra\u00eeneur C<\/li>\n\n\n\n<li>Sparring partner<\/li>\n\n\n\n<li>Crazy entertainer<\/li>\n<\/ul>\n\n\n\n<blockquote class=\"wp-block-quote is-layout-flow wp-block-quote-is-layout-flow\">\n<p>Un rayon de soleil tessinois ! Nico, c&#8217;est d&#8217;abord une voix et une forte personnalit\u00e9. Il met une super ambiance, un v\u00e9ritable passionn\u00e9 ! Vamooooos !<\/p>\n<\/blockquote>\n<\/div><\/div>\n\n\n\n<p> Je suis fan de toute l&#8217;\u00e9quipe de la Scuola Tennis by Margaroli !<\/p>\n\n\n\n<h3 class=\"wp-block-heading\">2. Ma famille <\/h3>\n\n\n\n<figure class=\"wp-block-image size-large\"><img loading=\"lazy\" decoding=\"async\" width=\"1024\" height=\"769\" src=\"https:\/\/www.emiliechablaix.ch\/wp-content\/uploads\/2025\/11\/IMG_3021-1-1024x769.jpg\" alt=\"\" class=\"wp-image-1327\" srcset=\"https:\/\/www.emiliechablaix.ch\/wp-content\/uploads\/2025\/11\/IMG_3021-1-1024x769.jpg 1024w, https:\/\/www.emiliechablaix.ch\/wp-content\/uploads\/2025\/11\/IMG_3021-1-300x225.jpg 300w, https:\/\/www.emiliechablaix.ch\/wp-content\/uploads\/2025\/11\/IMG_3021-1-768x577.jpg 768w, https:\/\/www.emiliechablaix.ch\/wp-content\/uploads\/2025\/11\/IMG_3021-1-1536x1154.jpg 1536w, https:\/\/www.emiliechablaix.ch\/wp-content\/uploads\/2025\/11\/IMG_3021-1-2048x1539.jpg 2048w, https:\/\/www.emiliechablaix.ch\/wp-content\/uploads\/2025\/11\/IMG_3021-1-1170x879.jpg 1170w\" sizes=\"auto, (max-width: 1024px) 100vw, 1024px\" \/><\/figure>\n\n\n\n<p>Sans ma famille, je ne serais rien&nbsp;! Ils m\u2019accompagnent aux entra\u00eenements, aux tournois et me soutiennent dans mon projet. Ils ont financ\u00e9 tout mon parcours jusqu\u2019\u00e0 aujourd\u2019hui et leurs encouragements sont tr\u00e8s pr\u00e9cieux. Merci pour le soutien&nbsp;!<\/p>\n\n\n\n<h3 class=\"wp-block-heading\">3. Cordeuse officielle<\/h3>\n\n\n\n<figure class=\"wp-block-image size-large\"><img loading=\"lazy\" decoding=\"async\" width=\"1024\" height=\"768\" src=\"https:\/\/www.emiliechablaix.ch\/wp-content\/uploads\/2023\/12\/cordeuse-maman-1024x768.jpg\" alt=\"\" class=\"wp-image-526\" srcset=\"https:\/\/www.emiliechablaix.ch\/wp-content\/uploads\/2023\/12\/cordeuse-maman-1024x768.jpg 1024w, https:\/\/www.emiliechablaix.ch\/wp-content\/uploads\/2023\/12\/cordeuse-maman-300x225.jpg 300w, https:\/\/www.emiliechablaix.ch\/wp-content\/uploads\/2023\/12\/cordeuse-maman-768x576.jpg 768w, https:\/\/www.emiliechablaix.ch\/wp-content\/uploads\/2023\/12\/cordeuse-maman-1536x1152.jpg 1536w, https:\/\/www.emiliechablaix.ch\/wp-content\/uploads\/2023\/12\/cordeuse-maman-1170x877.jpg 1170w, https:\/\/www.emiliechablaix.ch\/wp-content\/uploads\/2023\/12\/cordeuse-maman.jpg 2011w\" sizes=\"auto, (max-width: 1024px) 100vw, 1024px\" \/><\/figure>\n\n\n\n<p>Ma maman est la reine du cordage&nbsp;! Toujours pr\u00eate, passionn\u00e9e, je poss\u00e8de une cordeuse en or&nbsp;!<\/p>\n\n\n\n<hr class=\"wp-block-separator has-alpha-channel-opacity\"\/>\n\n\n\n<h2 class=\"wp-block-heading\">Mon projet <\/h2>\n\n\n\n<h3 class=\"wp-block-heading\">1. Tennis<\/h3>\n\n\n\n<p>J\u2019ai rejoint l&#8217;acad\u00e9mie Scuola tennis by Margaroli en ao\u00fbt 2025.<\/p>\n\n\n\n<p>En juillet 2026, j\u2019aimerais atteindre les objectifs que voici&nbsp;:<\/p>\n\n\n\n<ul class=\"wp-block-list\">\n<li>Tennis&nbsp;: Classement suisse N3, avec un classement ITF permettant de s\u2019inscrire aux tournois ITF professionnels adultes<\/li>\n\n\n\n<li>Etudes&nbsp;: obtention d\u2019une maturit\u00e9 f\u00e9d\u00e9rale (d\u2019ici juin 2026 ou max juin 2027 \u2013 soit 3-4 ans)<\/li>\n<\/ul>\n\n\n\n<p>Apr\u00e8s un bilan qui m\u2019a permis de me situer sur un plan tennistique et physique, des objectifs \u00e0 court (3 mois) et moyen terme (1 ann\u00e9e) ont \u00e9t\u00e9 fix\u00e9s jusqu\u2019\u00e0 mi-2026.<\/p>\n\n\n\n<p>Contrairement \u00e0 beaucoup d\u2019acad\u00e9mies \u00e9trang\u00e8res, la scuola tennis by Margaroli propose une planification rigoureuse et un suivi personnalis\u00e9 des quelques joueurs qui suivent le programme ITF Junior et Adultes. C\u2019est une petite acad\u00e9mie, familiale, mais je vois mon coach presque tous les jours et c&#8217;est lui qui \u00e9tablit mon planning pour le travail des autres collaborateurs de l&#8217;acad\u00e9mie. Les cours propos\u00e9s sont souvent donn\u00e9s en priv\u00e9 (40% des heures tennis) et en petits groupes de 2-3 joueurs (40% des heures), ou en groupes de 4 joueurs (20% des heures tennis).<\/p>\n\n\n\n<p>Luca est la personne avec qui je m\u2019entra\u00eene le plus souvent. Mais Felipe ou Nico sont \u00e9galement souvent pr\u00e9sents sur les terrains. Les entra\u00eeneurs collaborent et discutent fr\u00e9quemment ensemble, notamment avec Davide pour le physique. Ils se voient au quotidien et sont au courant des objectifs de chaque joueur, assurant un suivi individualis\u00e9 \u00e0 chaque joueur.<\/p>\n\n\n\n<p>Les entra\u00eeneurs assurent \u00e9galement un suivi r\u00e9gulier sur la plupart des tournois en Suisse et sur tous les tournois \u00e0 l\u2019\u00e9tranger.<\/p>\n\n\n\n<p>Au total, je m&#8217;entra\u00eene environ 20 heures par semaine du lundi au vendredi, dont 14 heures de tennis et 7 heures de physique.<\/p>\n\n\n\n<p>Sur l\u2019ann\u00e9e, je participerai \u00e0 environ 15 tournois suisses et environ 10-15 tournois ITF Juniors en Suisse ou \u00e0 l\u2019\u00e9tranger.<\/p>\n\n\n\n<p>Enfin, les entra\u00eenements subissent des changements dans leur intensit\u00e9. Comme l\u2019indique la planification annuelle suivante, il y a 3 phases intensives. <\/p>\n\n\n\n<p>Je rentre chez moi \u00e0 Chan\u00e9az aussi souvent que possible, en principe tous les week-ends lorsque je ne suis pas en vadrouille dans un tournoi \u00e0 l&#8217;\u00e9tranger. <\/p>\n\n\n\n<h3 class=\"wp-block-heading\">2. Etudes<\/h3>\n\n\n\n<figure class=\"wp-block-image size-full is-resized\"><a href=\"https:\/\/www.epsu.ch\" target=\"_blank\" rel=\"https:\/\/www.epsu.ch noopener\"><img loading=\"lazy\" decoding=\"async\" width=\"521\" height=\"113\" src=\"https:\/\/www.emiliechablaix.ch\/wp-content\/uploads\/2023\/12\/EPSU-logo-geneve-full-name-transparent-on-black-LARGE.png\" alt=\"\" class=\"wp-image-538\" style=\"width:720px;height:auto\" srcset=\"https:\/\/www.emiliechablaix.ch\/wp-content\/uploads\/2023\/12\/EPSU-logo-geneve-full-name-transparent-on-black-LARGE.png 521w, https:\/\/www.emiliechablaix.ch\/wp-content\/uploads\/2023\/12\/EPSU-logo-geneve-full-name-transparent-on-black-LARGE-300x65.png 300w\" sizes=\"auto, (max-width: 521px) 100vw, 521px\" \/><\/a><\/figure>\n\n\n\n<p>Pour mettre toutes les chances de mon c\u00f4t\u00e9, je suis un gymnase par correspondance dans une \u00e9cole priv\u00e9e, l&#8217;<a href=\"http:\/\/www.epsu.ch\">EPSU<\/a>.<\/p>\n\n\n\n<p>Je suis un programme de maturit\u00e9 f\u00e9d\u00e9rale \u00e0 distance, qui me permet beaucoup de souplesse dans l&#8217;organisation de ma vie sportive. Toutefois, seuls mes parents suivent l&#8217;\u00e9volution de mes apprentissages. Avec leur aide, je dois faire preuve de rigueur pour avancer dans mes apprentissages et ne pas me d\u00e9courager lorsque je ne comprends pas la mati\u00e8re que je d\u00e9couvre. <\/p>\n\n\n\n<p><a href=\"https:\/\/www.epsu.ch\/matu\/Page.php?R=31&amp;SR=694\">matudistance.ch &#8211; Gen\u00e8ve (epsu.ch)<\/a><\/p>\n\n\n\n<hr class=\"wp-block-separator has-alpha-channel-opacity\"\/>\n\n\n\n<h2 class=\"wp-block-heading\">Classement<\/h2>\n\n\n\n<figure class=\"wp-block-image size-full\"><img loading=\"lazy\" decoding=\"async\" width=\"900\" height=\"372\" src=\"https:\/\/www.emiliechablaix.ch\/wp-content\/uploads\/2023\/12\/itf-logo.jpg\" alt=\"\" class=\"wp-image-541\" srcset=\"https:\/\/www.emiliechablaix.ch\/wp-content\/uploads\/2023\/12\/itf-logo.jpg 900w, https:\/\/www.emiliechablaix.ch\/wp-content\/uploads\/2023\/12\/itf-logo-300x124.jpg 300w, https:\/\/www.emiliechablaix.ch\/wp-content\/uploads\/2023\/12\/itf-logo-768x317.jpg 768w\" sizes=\"auto, (max-width: 900px) 100vw, 900px\" \/><\/figure>\n\n\n\n<p>Vous pouvez suivre mon classement ITF Junior remis \u00e0 jour toutes les semaines en cliquant sur le lien de ma page ITF :<\/p>\n\n\n\n<p><a href=\"https:\/\/www.itftennis.com\/en\/players\/emilie-chablaix\/800706052\/sui\/jt\/s\/overview\/\" target=\"_blank\" rel=\"noreferrer noopener\">https:\/\/www.itftennis.com\/en\/players\/emilie-chablaix\/800706052\/sui\/jt\/s\/overview\/<\/a><\/p>\n","protected":false},"excerpt":{"rendered":"<p>Je m\u2019appelle Emilie Chablaix, j\u2019ai 18 ans. Je suis actuellement 85\u00e8me joueuse du pays avec un classement R1 et suis 9\u00e8me joueuse du pays pour les joueuses U18 n\u00e9es en 2008. Je suis actuellement 1835e au classement mondial ITF adultes et 1565e au classement mondial junior au 14 avril 2026. Quelques mots sur mon parcours, [&hellip;]<\/p>\n","protected":false},"author":1,"featured_media":0,"parent":0,"menu_order":0,"comment_status":"closed","ping_status":"closed","template":"","meta":{"footnotes":""},"class_list":["post-264","page","type-page","status-publish","hentry"],"_links":{"self":[{"href":"https:\/\/www.emiliechablaix.ch\/index.php\/wp-json\/wp\/v2\/pages\/264","targetHints":{"allow":["GET"]}}],"collection":[{"href":"https:\/\/www.emiliechablaix.ch\/index.php\/wp-json\/wp\/v2\/pages"}],"about":[{"href":"https:\/\/www.emiliechablaix.ch\/index.php\/wp-json\/wp\/v2\/types\/page"}],"author":[{"embeddable":true,"href":"https:\/\/www.emiliechablaix.ch\/index.php\/wp-json\/wp\/v2\/users\/1"}],"replies":[{"embeddable":true,"href":"https:\/\/www.emiliechablaix.ch\/index.php\/wp-json\/wp\/v2\/comments?post=264"}],"version-history":[{"count":41,"href":"https:\/\/www.emiliechablaix.ch\/index.php\/wp-json\/wp\/v2\/pages\/264\/revisions"}],"predecessor-version":[{"id":1533,"href":"https:\/\/www.emiliechablaix.ch\/index.php\/wp-json\/wp\/v2\/pages\/264\/revisions\/1533"}],"wp:attachment":[{"href":"https:\/\/www.emiliechablaix.ch\/index.php\/wp-json\/wp\/v2\/media?parent=264"}],"curies":[{"name":"wp","href":"https:\/\/api.w.org\/{rel}","templated":true}]}}